{"id":24,"date":"2015-06-06T23:33:56","date_gmt":"2015-06-06T23:33:56","guid":{"rendered":"http:\/\/netplus.sk\/?page_id=24"},"modified":"2018-08-04T19:58:12","modified_gmt":"2018-08-04T19:58:12","slug":"net","status":"publish","type":"page","link":"https:\/\/netplus.sk\/","title":{"rendered":"net+"},"content":{"rendered":"<p><center><div id=\"metaslider-id-639\" style=\"max-width: 1200px; margin: 0 auto;\" class=\"ml-slider-3-101-0 metaslider metaslider-flex metaslider-639 ml-slider has-dots-nav ms-theme-default\" role=\"region\" aria-label=\"New Slider\" data-height=\"600\" data-width=\"1200\">\n    <div id=\"metaslider_container_639\">\n        <div id=\"metaslider_639\">\n            <ul class='slides'>\n                <li style=\"display: block; width: 100%;\" class=\"slide-1147 ms-image \" aria-roledescription=\"slide\" data-date=\"2018-07-26 09:23:31\"><img loading=\"lazy\" decoding=\"async\" src=\"https:\/\/netplus.sk\/wp-content\/uploads\/2018\/07\/slider-warehouse.jpg\" height=\"600\" width=\"1200\" alt=\"\" class=\"slider-639 slide-1147 msDefaultImage\" title=\"S kompletn\u00fdm WiFi pokryt\u00edm m\u00e1me v sklade kone\u010dne poriadok\" \/><div class=\"caption-wrap\"><div class=\"caption\">S kompletn\u00fdm WiFi pokryt\u00edm m\u00e1me v sklade kone\u010dne poriadok<\/div><\/div><\/li>\n                <li style=\"display: none; width: 100%;\" class=\"slide-1149 ms-image \" aria-roledescription=\"slide\" data-date=\"2018-07-26 09:26:42\"><img loading=\"lazy\" decoding=\"async\" src=\"https:\/\/netplus.sk\/wp-content\/uploads\/2018\/07\/slide-office.jpg\" height=\"600\" width=\"1200\" alt=\"\" class=\"slider-639 slide-1149 msDefaultImage\" title=\"U n\u00e1s vo firme si \u017eivot bez WiFi u\u017e ani nevieme predstavi\u0165\" \/><div class=\"caption-wrap\"><div class=\"caption\">U n\u00e1s vo firme si \u017eivot bez WiFi u\u017e ani nevieme predstavi\u0165<\/div><\/div><\/li>\n                <li style=\"display: none; width: 100%;\" class=\"slide-1151 ms-image \" aria-roledescription=\"slide\" data-date=\"2018-07-26 09:28:53\"><img loading=\"lazy\" decoding=\"async\" src=\"https:\/\/netplus.sk\/wp-content\/uploads\/2018\/07\/slide-restaurant.jpg\" height=\"600\" width=\"1200\" alt=\"\" class=\"slider-639 slide-1151 msDefaultImage\" title=\"Z\u00e1kazn\u00edci v re\u0161taur\u00e1cii nie s\u00fa zvyknut\u00ed \u010daka\u0165 a preto je u n\u00e1s v\u0161etko bezdr\u00f4tov\u00e9\" \/><div class=\"caption-wrap\"><div class=\"caption\">Z\u00e1kazn\u00edci v re\u0161taur\u00e1cii nie s\u00fa zvyknut\u00ed \u010daka\u0165 a preto je u n\u00e1s v\u0161etko bezdr\u00f4tov\u00e9<\/div><\/div><\/li>\n                <li style=\"display: none; width: 100%;\" class=\"slide-1153 ms-image \" aria-roledescription=\"slide\" data-date=\"2018-07-26 09:30:49\"><img loading=\"lazy\" decoding=\"async\" src=\"https:\/\/netplus.sk\/wp-content\/uploads\/2018\/07\/slide-hotel.jpg\" height=\"600\" width=\"1200\" alt=\"\" class=\"slider-639 slide-1153 msDefaultImage\" title=\"Na\u0161i hostia o\u010dak\u00e1vaj\u00fa u n\u00e1s rovnak\u00e9 pripojenie ako maj\u00fa doma a my ich nechceme sklama\u0165\" \/><div class=\"caption-wrap\"><div class=\"caption\">Na\u0161i hostia o\u010dak\u00e1vaj\u00fa u n\u00e1s rovnak\u00e9 pripojenie ako maj\u00fa doma a my ich nechceme sklama\u0165<\/div><\/div><\/li>\n            <\/ul>\n        <\/div>\n        \n    <\/div>\n<\/div><\/center>&nbsp;<\/p>\n<h3 style=\"text-align: center;\"><span style=\"font-family: 'andale mono', monospace; color: #4d4d4d; font-size: 18pt;\"> NA\u0160I Z\u00c1KAZN\u00cdCI <\/span><\/h3>\n<p>&nbsp;<\/p>\n<div class='content-column one_fourth'><a href=\"https:\/\/netplus.sk\/index.php\/2018\/07\/23\/sucastne-wifi-trendy-vo-firmach#C1\"><img loading=\"lazy\" decoding=\"async\" class=\"aligncenter size-full wp-image-1157\" src=\"https:\/\/netplus.sk\/wp-content\/uploads\/2018\/07\/front-warehouse.jpg\" alt=\"WiFi v priemyseln\u00fdch hal\u00e1ch a skladoch\" width=\"300\" height=\"350\" srcset=\"https:\/\/netplus.sk\/wp-content\/uploads\/2018\/07\/front-warehouse.jpg 300w, https:\/\/netplus.sk\/wp-content\/uploads\/2018\/07\/front-warehouse-257x300.jpg 257w\" sizes=\"auto, (max-width: 300px) 100vw, 300px\" \/><\/a><br \/><\/div>\n<div class='content-column one_fourth'><a href=\"https:\/\/netplus.sk\/index.php\/2018\/07\/23\/sucastne-wifi-trendy-vo-firmach#C2\"><img loading=\"lazy\" decoding=\"async\" class=\"aligncenter size-full wp-image-1156\" src=\"https:\/\/netplus.sk\/wp-content\/uploads\/2018\/07\/front-restaurant.jpg\" alt=\"WiFi v re\u0161taur\u00e1ciach\" width=\"300\" height=\"350\" srcset=\"https:\/\/netplus.sk\/wp-content\/uploads\/2018\/07\/front-restaurant.jpg 300w, https:\/\/netplus.sk\/wp-content\/uploads\/2018\/07\/front-restaurant-257x300.jpg 257w\" sizes=\"auto, (max-width: 300px) 100vw, 300px\" \/><\/a><br \/><\/div>\n<div class='content-column one_fourth'><a href=\"https:\/\/netplus.sk\/index.php\/2018\/07\/23\/sucastne-wifi-trendy-vo-firmach#C3\"><img loading=\"lazy\" decoding=\"async\" class=\"aligncenter size-full wp-image-1155\" src=\"https:\/\/netplus.sk\/wp-content\/uploads\/2018\/07\/front-office.jpg\" alt=\"WiFi vo firm\u00e1ch a podnikoch\" width=\"300\" height=\"350\" srcset=\"https:\/\/netplus.sk\/wp-content\/uploads\/2018\/07\/front-office.jpg 300w, https:\/\/netplus.sk\/wp-content\/uploads\/2018\/07\/front-office-257x300.jpg 257w\" sizes=\"auto, (max-width: 300px) 100vw, 300px\" \/><\/a><br \/><\/div>\n<p><div class='content-column one_fourth last_column'><a href=\"https:\/\/netplus.sk\/index.php\/2018\/07\/23\/sucastne-wifi-trendy-vo-firmach#C4\"><img loading=\"lazy\" decoding=\"async\" class=\"aligncenter size-full wp-image-1154\" src=\"https:\/\/netplus.sk\/wp-content\/uploads\/2018\/07\/front-hotel.jpg\" alt=\"WiFi v hoteloch\" width=\"300\" height=\"350\" srcset=\"https:\/\/netplus.sk\/wp-content\/uploads\/2018\/07\/front-hotel.jpg 300w, https:\/\/netplus.sk\/wp-content\/uploads\/2018\/07\/front-hotel-257x300.jpg 257w\" sizes=\"auto, (max-width: 300px) 100vw, 300px\" \/><\/a><br \/><\/div><div class='clear_column'><\/div><br \/>\n&nbsp;<\/p>\n<h3 style=\"text-align: center;\"><span style=\"font-family: 'andale mono', monospace; color: #4d4d4d; font-size: 18pt;\"> VIAC AKO WIFI <\/span><\/h3>\n<p>&nbsp;<\/p>\n<div class='content-column one_fourth'><h4 style=\"color: #f26a6e; padding-left: 10px;\"><span class=\"wp-svg-key-2 key-2\"><\/span> Autentifik\u00e1cia<\/h4>\n<p style=\"text-align: justify; padding: 10px;\"><span style=\"font-family: tahoma, arial, helvetica, sans-serif; font-size: 10pt; color: #000000;\">WiFi u\u017e\u00edvatelia sa prihlasuj\u00fa menom a heslom, pr\u00edpadne pomocou certifik\u00e1tu, ka\u017ed\u00fd pr\u00edstup je spravovan\u00fd individu\u00e1lne.<\/span><\/p><\/div>\n<div class='content-column one_fourth'><h4 style=\"color: #b3d678; padding-left: 10px;\"><span class=\"wp-svg-bars bars\"><\/span> \u0160tatistiky<\/h4>\n<p style=\"text-align: justify; padding: 10px;\"><span style=\"font-family: tahoma, arial, helvetica, sans-serif; font-size: 10pt; color: #000000;\">Detailn\u00e9 \u0161tatistiky oh\u013eadom vyu\u017eitia siete, zoznam nav\u0161t\u00edven\u00fdch str\u00e1nok, prenesen\u00e9 d\u00e1ta, \u010das pripojenia a in\u00e9.<\/span><\/p><\/div>\n<div class='content-column one_fourth'><h4 style=\"color: #89ded9; padding-left: 10px;\"><span class=\"wp-svg-scissors scissors\"><\/span> Prisp\u00f4sobenie<\/h4>\n<p style=\"text-align: justify; padding: 10px;\"><span style=\"font-family: tahoma, arial, helvetica, sans-serif; font-size: 10pt; color: #000000;\">Jedine\u010dn\u00fd dizajn prihlasovacej str\u00e1nky alebo str\u00e1nky na ktor\u00fa je u\u017e\u00edvate\u013e presmerovan\u00fd po autentifik\u00e1cii vytvoren\u00fd presne na mieru.<\/span><\/p><\/div>\n<div class='content-column one_fourth last_column'><h4><span style=\"color: #4d4d4d;\"><span class=\"wp-svg-dashboard dashboard\"><\/span> \u00a0 Kontrola a spr\u00e1va<\/span><\/h4>\n<p style=\"text-align: justify; padding: 10px;\"><span style=\"font-family: tahoma, arial, helvetica, sans-serif; font-size: 10pt; color: #000000;\">Mo\u017enos\u0165 obmedzenia \u0161\u00edrky prenosov\u00e9ho p\u00e1sma pre u\u017e\u00edvate\u013eov, zamedzenie pr\u00edstupu na vybran\u00e9 webov\u00e9 str\u00e1nky.<\/span><\/p><\/div><div class='clear_column'><\/div>\n<div class='content-column one_fourth'><h4><span style=\"color: #4d4d4d; padding-left: 10px;\"><span class=\"wp-svg-user-4 user-4\"><\/span> \u00a0 Hos\u0165ovsk\u00fd pr\u00edstup<\/span><\/h4>\n<p style=\"text-align: justify; padding: 10px;\"><span style=\"font-family: tahoma, arial, helvetica, sans-serif; font-size: 10pt; color: #000000;\">Individu\u00e1lny pr\u00edstup pre n\u00e1v\u0161tevn\u00edkov s mo\u017enos\u0165ou zaslania prihlasovac\u00edch \u00fadajov pomocou emailu alebo SMS.<\/span><\/p><\/div>\n<div class='content-column one_fourth'><h4><span style=\"color: #89ded9; padding-left: 10px;\"><span class=\"wp-svg-bullhorn bullhorn\"><\/span> \u00a0 Marketing<\/span><\/h4>\n<p style=\"text-align: justify; padding: 10px;\"><span style=\"font-family: tahoma, arial, helvetica, sans-serif; font-size: 10pt; color: #000000;\">Reklamn\u00e9 oznamy alebo dotazn\u00edky spokojnosti pred umo\u017enen\u00edm pr\u00edstupu na internet.<\/span><\/p><\/div>\n<div class='content-column one_fourth'><h4><span style=\"color: #b3d678; padding-left: 10px;\"><span class=\"wp-svg-lock lock\"><\/span> \u00a0 Bezpe\u010dnos\u0165<\/span><\/h4>\n<p style=\"text-align: justify; padding: 10px;\"><span style=\"font-family: tahoma, arial, helvetica, sans-serif; font-size: 10pt; color: #000000;\">Striktn\u00e9 oddelenie wireless siete od firemn\u00e9ho intranetu a citliv\u00fdch d\u00e1t, kontrola d\u00e1tov\u00fdch tokov.<\/span><\/p><\/div>\n<div class='content-column one_fourth last_column'><h4><span style=\"color: #f26a6e; padding-left: 10px;\"><span class=\"wp-svg-accessibility accessibility\"><\/span> \u00a0 Robustnos\u0165<\/span><\/h4>\n<p style=\"text-align: justify; padding: 10px;\"><span style=\"font-family: tahoma, arial, helvetica, sans-serif; font-size: 10pt; color: #000000;\">\u0160k\u00e1lovate\u013en\u00e9 rie\u0161enia pre v\u0161etk\u00fdch, od mal\u00fdch podnikov po najn\u00e1ro\u010dnej\u0161\u00edch z\u00e1kazn\u00edkov od <a href=\"https:\/\/www.arubanetworks.com\" rel=\"noopener\" target=\"_blank\">l\u00eddra<\/a> na trhu.<\/span><\/p><\/div><div class='clear_column'><\/div><br \/>\n&nbsp;<br \/>\n<div class=\"nk-awb \" ><\/p>\n<h3 style=\"text-align: center;\"><span style=\"font-family: 'andale mono', monospace; color: #4d4d4d; font-size: 18pt;\">KOMPLETN\u00dd SERVIS<\/span><\/h3>\n<div class='content-column one_fourth'><h4><span style=\"color: #7D8491;\"><span class=\"wp-svg-search-2 search-2\"><\/span> \u00a0 Audit a rev\u00edzia<\/span><\/h4>\n<p><span style=\"color: #000000; padding-left: 20px;\"><span class=\"wp-svg-connection connection\"><\/span> \u00a0 Wlan <\/span><br \/>\n<span style=\"color: #000000; padding-left: 20px;\"><span class=\"wp-svg-tree tree\"><\/span> \u00a0 LAN <\/span><br \/>\n<span style=\"color: #000000; padding-left: 20px;\"><span class=\"wp-svg-cloud-3 cloud-3\"><\/span> \u00a0 WAN <\/span><br \/>\n<span style=\"color: #000000; padding-left: 20px;\"><span class=\"wp-svg-lock lock\"><\/span> \u00a0 Bezpe\u010dnos\u0165 <\/span><br \/><\/div>\n<div class='content-column one_fourth'><h4><span style=\"color: #7D8491;\"><span class=\"wp-svg-wrench wrench\"><\/span> \u00a0 N\u00e1vrh a implement\u00e1cia<\/span><\/h4>\n<p><span style=\"color: #000000; padding-left: 20px;\"><span class=\"wp-svg-tux tux\"><\/span> \u00a0 Linux <\/span><br \/>\n<span style=\"color: #000000; padding-left: 20px;\"><span class=\"wp-svg-windows8 windows8\"><\/span> \u00a0 Windows <\/span><br \/>\n<span style=\"color: #000000; padding-left: 20px;\"><span class=\"wp-svg-screen screen\"><\/span> \u00a0 Virtualiz\u00e1cia <\/span><br \/>\n<span style=\"color: #000000; padding-left: 20px;\"><span class=\"wp-svg-cloud cloud\"><\/span> \u00a0 Cloud a aplik\u00e1cie <\/span><br \/><\/div>\n<div class='content-column one_fourth'><h4><span style=\"color: #7D8491;\"><span class=\"wp-svg-bars bars\"><\/span> \u00a0 Spr\u00e1va a monitoring<\/span><\/h4>\n<p><span style=\"color: #000000; padding-left: 20px;\"><span class=\"wp-svg-clock clock\"><\/span> \u00a0 24\/7 doh\u013ead <\/span><br \/>\n<span style=\"color: #000000; padding-left: 20px;\"><span class=\"wp-svg-envelop envelop\"><\/span> \u00a0 Emailov\u00e9 reporty <\/span><br \/>\n<span style=\"color: #000000; padding-left: 20px;\"><span class=\"wp-svg-mobile mobile\"><\/span> \u00a0 SMS notifik\u00e1cie <\/span><br \/>\n<span style=\"color: #000000; padding-left: 20px;\"><span class=\"wp-svg-android android\"><\/span> \u00a0 Android aplik\u00e1cia <\/span><br \/><\/div>\n<div class='content-column one_fourth last_column'><h4><span style=\"color: #7D8491;\"><span class=\"wp-svg-bubbles bubbles\"><\/span> Podpora a konzult\u00e1cia<\/span><\/h4>\n<p><span style=\"color: #000000; padding-left: 20px;\"><span class=\"wp-svg-disk disk\"><\/span> \u00a0 Z\u00e1lohy a ochrana d\u00e1t <\/span><br \/>\n<span style=\"color: #000000; padding-left: 20px;\"><span class=\"wp-svg-dashboard dashboard\"><\/span> \u00a0 Optimaliz\u00e1cia <\/span><br \/>\n<span style=\"color: #000000; padding-left: 20px;\"><span class=\"wp-svg-phone phone\"><\/span> \u00a0 Telefonick\u00e1 podpora <\/span><br \/>\n<span style=\"color: #000000; padding-left: 20px;\"><span class=\"wp-svg-aid aid\"><\/span> \u00a0 Proakt\u00edvny pr\u00edstup <\/span><br \/><\/div><div class='clear_column'><\/div><br \/>\n<div class=\"nk-awb-wrap\" data-awb-type=\"color\" data-awb-stretch=\"true\" data-awb-image-background-size=\"cover\" data-awb-image-background-position=\"50% 50%\"><div class=\"nk-awb-overlay\" style=\"background-color: rgba(228,228,228,0.3);\"><\/div><div  class=\"nk-awb-inner\"><\/div><\/div><\/div><br \/>\n&nbsp;<\/p>\n<h3 style=\"text-align: center;\"><span style=\"font-family: 'andale mono', monospace; color: #4d4d4d; font-size: 18pt;\">BLOG <\/span><\/h3>\n<div class='content-column one_fourth'>&nbsp;<br \/>\n<img loading=\"lazy\" decoding=\"async\" src=\"https:\/\/netplus.sk\/wp-content\/uploads\/2018\/07\/ucitel.jpg\" alt=\"Tipy a triky z blogu\" width=\"176\" height=\"267\" class=\"aligncenter size-full wp-image-1166\" \/><br \/><\/div>\n<div class='content-column one_fourth'><h4 style=\"text-align: center;\"><span style=\"font-family: helvetica, arial, sans-serif; color: #6290C3;\">Motiv\u00e1cie a d\u00f4vody k nasadeniu Wireless siet\u00ed<\/span><\/h4>\n<p style=\"text-align: justify; padding: 10px;\">M\u00f4\u017ee to znie\u0165 prekvapivo, ale st\u00e1le sa n\u00e1jdu \u013eudia, ktor\u00ed h\u013eadaj\u00fa d\u00f4vod, pre\u010do by v\u00f4bec mali za\u010da\u0165 zva\u017eova\u0165 invest\u00edciu do kvalitn\u00e9ho wireless pokrytia, obzvl\u00e1\u0161\u0165 v pr\u00edpade, ke\u010f u\u017e disponuj\u00fa klasick\u00fdm k\u00e1blov\u00fdm pripojen\u00edm a WiFi st\u00e1le nepova\u017euj\u00fa za plnohodnotn\u00e9 pripojenie &nbsp; <a href=\"https:\/\/netplus.sk\/index.php\/2016\/11\/27\/motivacie-k-nasadeniu-wireless-sieti\/\"> <em>&#8230;viac<\/em><\/a><\/p><\/div>\n<div class='content-column one_fourth'><h4 style=\"text-align: center;\"><span style=\"font-family: helvetica, arial, sans-serif; color: #B3D6CA;\">Naj\u010dastej\u0161ie chyby pri implement\u00e1cii WiFi <\/span><\/h4>\n<p style=\"text-align: justify; padding: 10px;\">Pre nasadenie firemnej Wireless siete je potrebn\u00e9 viac ako len zak\u00fapi\u0165 lacn\u00e9 Access Pointy, postavi\u0165 ich na skrinku do rohu kancel\u00e1rie a nastavi\u0165 zdie\u013ean\u00e9 heslo.  \u010c\u00edm v\u00e4\u010d\u0161ia firma a \u010d\u00edm viac u\u017e\u00edvate\u013eov, t\u00fdm d\u00f4le\u017eitej\u0161ie s\u00fa d\u00f4myseln\u00e9 napl\u00e1novanie a n\u00e1sledna implement\u00e1cia WiFi pokrytia &nbsp;<a href=\"https:\/\/netplus.sk\/index.php\/2018\/07\/06\/5-najcastejsich-chyb-pri-budovani-podnikovej-wifi-siete\/\"><em>&#8230;viac<\/em><\/a><\/p><\/div>\n<div class='content-column one_fourth last_column'><h4 style=\"text-align: center;\"><span style=\"font-family: helvetica, arial, sans-serif; color: #232559;\">R\u00fdchla orient\u00e1cia vo WiFi dizajnoch<\/span><\/h4>\n<p style=\"text-align: justify; padding: 10px;\">Mobilita a komfort s\u00fa tie hlavn\u00e9 hybn\u00e9 faktory, ktor\u00e9 stoja za \u00faspechom WiFi a sp\u00f4sobuj\u00fa, \u017ee st\u00e1le viac podnikov nepon\u00faka bezdr\u00f4tov\u00fa sie\u0165 len ako doplnok k tradi\u010dnej sieti, ale \u010dastej\u0161ie sa m\u00f4\u017eeme stretn\u00fa\u0165 s Wireless sie\u0165ou ako prim\u00e1rnou mo\u017enos\u0165ou pripojenia &nbsp;<a href=\"https:\/\/netplus.sk\/index.php\/2018\/07\/23\/wifi-dizajn\/\"><em>&#8230;viac<\/a><\/em><\/a><\/p><\/div><div class='clear_column'><\/div>\n<p style=\"text-align: center; color: #000000;\"><em>+ ove\u013ea viac na na\u0161om <\/em><a href=\"https:\/\/netplus.sk\/index.php\/blog\/\"><em>blogu<\/em><\/a><\/p>\n<p>&nbsp;<\/p>\n<h3 style=\"text-align: center;\"><span style=\"font-family: 'andale mono', monospace; color: #4d4d4d; font-size: 18pt;\"> KONTAKT <\/span><\/h3>\n<p><div id=\"wpgmza_map\" class=\"wpgmza_map\" data-settings='{\"id\":\"1\",\"map_title\":\"kontakt\",\"map_width\":\"1200\",\"map_height\":\"400\",\"map_start_lat\":\"48.147077\",\"map_start_lng\":\"17.109930\",\"map_start_location\":\"48.147077,17.109929999999963\",\"map_start_zoom\":\"15\",\"default_marker\":\"0\",\"type\":\"1\",\"alignment\":\"2\",\"directions_enabled\":\"1\",\"styling_enabled\":\"0\",\"styling_json\":\"\",\"active\":\"0\",\"kml\":\"\",\"bicycle\":\"0\",\"traffic\":\"0\",\"dbox\":\"1\",\"dbox_width\":\"250\",\"listmarkers\":\"0\",\"listmarkers_advanced\":\"0\",\"filterbycat\":\"0\",\"ugm_enabled\":\"0\",\"ugm_category_enabled\":\"0\",\"fusion\":\"\",\"map_width_type\":\"px\",\"map_height_type\":\"px\",\"mass_marker_support\":\"1\",\"ugm_access\":\"0\",\"order_markers_by\":\"1\",\"order_markers_choice\":\"2\",\"show_user_location\":\"0\",\"default_to\":\"\",\"other_settings\":{\"store_locator_enabled\":2,\"store_locator_distance\":2,\"store_locator_default_radius\":\"10\",\"store_locator_not_found_message\":\"No results found in this location. Please try again.\",\"store_locator_bounce\":1,\"store_locator_query_string\":\"ZIP \\\/ Address:\",\"store_locator_default_address\":\"\",\"wpgmza_store_locator_restrict\":\"\",\"store_locator_style\":\"legacy\",\"wpgmza_store_locator_radius_style\":\"legacy\",\"map_max_zoom\":\"1\",\"transport_layer\":0,\"wpgmza_theme_data\":\"[{\\\\\\\"featureType\\\\\\\":\\\\\\\"landscape\\\\\\\",\\\\\\\"stylers\\\\\\\":[{\\\\\\\"saturation\\\\\\\":-100},{\\\\\\\"lightness\\\\\\\":65},{\\\\\\\"visibility\\\\\\\":\\\\\\\"on\\\\\\\"}]},{\\\\\\\"featureType\\\\\\\":\\\\\\\"poi\\\\\\\",\\\\\\\"stylers\\\\\\\":[{\\\\\\\"saturation\\\\\\\":-100},{\\\\\\\"lightness\\\\\\\":51},{\\\\\\\"visibility\\\\\\\":\\\\\\\"simplified\\\\\\\"}]},{\\\\\\\"featureType\\\\\\\":\\\\\\\"road.highway\\\\\\\",\\\\\\\"stylers\\\\\\\":[{\\\\\\\"saturation\\\\\\\":-100},{\\\\\\\"visibility\\\\\\\":\\\\\\\"simplified\\\\\\\"}]},{\\\\\\\"featureType\\\\\\\":\\\\\\\"road.arterial\\\\\\\",\\\\\\\"stylers\\\\\\\":[{\\\\\\\"saturation\\\\\\\":-100},{\\\\\\\"lightness\\\\\\\":30},{\\\\\\\"visibility\\\\\\\":\\\\\\\"on\\\\\\\"}]},{\\\\\\\"featureType\\\\\\\":\\\\\\\"road.local\\\\\\\",\\\\\\\"stylers\\\\\\\":[{\\\\\\\"saturation\\\\\\\":-100},{\\\\\\\"lightness\\\\\\\":40},{\\\\\\\"visibility\\\\\\\":\\\\\\\"on\\\\\\\"}]},{\\\\\\\"featureType\\\\\\\":\\\\\\\"transit\\\\\\\",\\\\\\\"stylers\\\\\\\":[{\\\\\\\"saturation\\\\\\\":-100},{\\\\\\\"visibility\\\\\\\":\\\\\\\"simplified\\\\\\\"}]},{\\\\\\\"featureType\\\\\\\":\\\\\\\"administrative.province\\\\\\\",\\\\\\\"stylers\\\\\\\":[{\\\\\\\"visibility\\\\\\\":\\\\\\\"off\\\\\\\"}]},{\\\\\\\"featureType\\\\\\\":\\\\\\\"water\\\\\\\",\\\\\\\"elementType\\\\\\\":\\\\\\\"labels\\\\\\\",\\\\\\\"stylers\\\\\\\":[{\\\\\\\"visibility\\\\\\\":\\\\\\\"on\\\\\\\"},{\\\\\\\"lightness\\\\\\\":-25},{\\\\\\\"saturation\\\\\\\":-100}]},{\\\\\\\"featureType\\\\\\\":\\\\\\\"water\\\\\\\",\\\\\\\"elementType\\\\\\\":\\\\\\\"geometry\\\\\\\",\\\\\\\"stylers\\\\\\\":[{\\\\\\\"hue\\\\\\\":\\\\\\\"#ffff00\\\\\\\"},{\\\\\\\"lightness\\\\\\\":-25},{\\\\\\\"saturation\\\\\\\":-97}]}]\",\"wpgmza_theme_selection\":3,\"wpgmza_show_points_of_interest\":1}}' data-map-id='1' Data-maps-engine='google-maps' data-shortcode-attributes='{\"id\":\"1\"}' style=\"display:block; overflow:auto; width:1200px; height:400px; float:left;\"><\/div><br \/>\n&nbsp;<\/p>\n<div class='content-column one_fourth'><p style=\"text-align: center; color: #f26a6e;\"><span style=\"font-size: 24pt;\"><span class=\"wp-svg-mail-2 mail-2\"><\/span><\/span><br \/>\nnetplus@netplus.sk<br \/>\nwww.netplus.sk<\/p><\/div>\n<div class='content-column one_fourth'><p style=\"text-align: center; color: #b3d678;\"><span style=\"font-size: 24pt;\"><span class=\"wp-svg-location location\"><\/span><\/span><br \/>\n<strong>NetworkPlus s.r.o<\/strong><br \/>\nTolst\u00e9ho 5 Bratislava 811 06<\/p><\/div>\n<div class='content-column one_fourth'><p style=\"text-align: center; color: #89ded9;\"><span style=\"font-size: 24pt;\"><span class=\"wp-svg-phone phone\"><\/span><\/span><br \/>\n+421 915 249 815<br \/>\n+421 917 909 884<\/p><\/div>\n<div class='content-column one_fourth last_column'><p style=\"text-align: center; color: #4d4d4d;\"><span style=\"font-size: 24pt;\"><span class=\"wp-svg-barcode barcode\"><\/span><\/span><br \/>\ni\u010do: 50101668<br \/>\ndi\u010d: 2120319520<\/p><\/div><div class='clear_column'><\/div>\n","protected":false},"excerpt":{"rendered":"<p>&nbsp; NA\u0160I Z\u00c1KAZN\u00cdCI &nbsp; &nbsp; VIAC AKO WIFI &nbsp; &nbsp; &nbsp; BLOG + ove\u013ea viac na na\u0161om blogu &nbsp; KONTAKT &nbsp;<\/p>\n","protected":false},"author":1,"featured_media":0,"parent":0,"menu_order":0,"comment_status":"closed","ping_status":"closed","template":"","meta":{"footnotes":""},"class_list":["post-24","page","type-page","status-publish","hentry"],"_links":{"self":[{"href":"https:\/\/netplus.sk\/index.php\/wp-json\/wp\/v2\/pages\/24","targetHints":{"allow":["GET"]}}],"collection":[{"href":"https:\/\/netplus.sk\/index.php\/wp-json\/wp\/v2\/pages"}],"about":[{"href":"https:\/\/netplus.sk\/index.php\/wp-json\/wp\/v2\/types\/page"}],"author":[{"embeddable":true,"href":"https:\/\/netplus.sk\/index.php\/wp-json\/wp\/v2\/users\/1"}],"replies":[{"embeddable":true,"href":"https:\/\/netplus.sk\/index.php\/wp-json\/wp\/v2\/comments?post=24"}],"version-history":[{"count":378,"href":"https:\/\/netplus.sk\/index.php\/wp-json\/wp\/v2\/pages\/24\/revisions"}],"predecessor-version":[{"id":1333,"href":"https:\/\/netplus.sk\/index.php\/wp-json\/wp\/v2\/pages\/24\/revisions\/1333"}],"wp:attachment":[{"href":"https:\/\/netplus.sk\/index.php\/wp-json\/wp\/v2\/media?parent=24"}],"curies":[{"name":"wp","href":"https:\/\/api.w.org\/{rel}","templated":true}]}}